ighest common factor of 88 and 99.
11
Calculate the highest common divisor of 531 and 236.
59
What is the greatest common divisor of 36 and 204?
12
Calculate the greatest common divisor of 10 and 73910.
10
Calculate the highest common factor of 3 and 753.
3
Calculate the greatest common factor of 889 and 4699.
127
What is the highest common divisor of 156 and 13?
13
What is the highest common divisor of 945 and 245?
35
What is the greatest common divisor of 1044 and 144?
36
What is the greatest common factor of 539 and 319?
11
What is the greatest common divisor of 17251 and 13?
13
Calculate the greatest common divisor of 2618 and 170.
34
Calculate the highest common divisor of 24 and 324.
12
Calculate the greatest common factor of 286 and 3861.
143
What is the greatest common factor of 9488 and 16?
16
What is the greatest common divisor of 35 and 13545?
35
Calculate the greatest common divisor of 145 and 1160.
145
Calculate the highest common divisor of 51 and 3.
3
What is the highest common factor of 100 and 110?
10
Calculate the greatest common divisor of 32 and 288.
32
Calculate the highest common factor of 33 and 1243.
11
What is the highest common factor of 31 and 2201?
31
What is the greatest common divisor of 116 and 12?
4
What is the highest common factor of 2262 and 312?
78
Calculate the highest common divisor of 646 and 114.
38
Calculate the greatest common divisor of 2176 and 34.
34
Calculate the highest common factor of 830 and 20.
10
What is the highest common factor of 5603 and 13?
13
Calculate the highest common divisor of 1375 and 55.
55
What is the highest common divisor of 729 and 135?
27
What is the greatest common divisor of 21 and 224?
7
What is the greatest common factor of 2563 and 121?
11
Calculate the highest common divisor of 11 and 407.
11
What is the highest common divisor of 2107 and 147?
49
What is the greatest common factor of 112 and 32?
16
What is the greatest common factor of 51 and 34?
17
Calculate the highest common factor of 295 and 708.
59
Calculate the highest common divisor of 5190 and 90.
30
What is the highest common divisor of 7339 and 533?
41
Calculate the greatest common divisor of 105 and 42.
21
What is the greatest common factor of 171 and 247?
19
What is the greatest common factor of 7 and 448?
7
Calculate the greatest common factor of 22 and 120252.
22
Calculate the highest common factor of 7062 and 22.
22
What is the greatest common divisor of 36 and 18?
18
What is the greatest common factor of 171 and 285?
57
What is the greatest common divisor of 4 and 13396?
4
Calculate the highest common divisor of 434 and 28.
14
Calculate the highest common factor of 42 and 28.
14
Calculate the greatest common factor of 91 and 1001.
91
What is the greatest common factor of 57 and 285?
57
What is the greatest common divisor of 78 and 6903?
39
What is the highest common factor of 735 and 294?
147
What is the highest common factor of 22 and 4?
2
Calculate the greatest common divisor of 903 and 645.
129
Calculate the highest common factor of 128 and 192.
64
What is the greatest common factor of 132 and 12?
12
What is the highest common divisor of 3738 and 1050?
42
Calculate the highest common divisor of 5 and 1775.
5
What is the highest common factor of 374 and 34?
34
What is the greatest common factor of 260 and 39?
13
Calculate the highest common divisor of 82 and 533.
41
What is the greatest common factor of 293 and 56549?
293
Calculate the greatest common divisor of 16 and 28.
4
Calculate the highest common factor of 91 and 208.
13
What is the highest common divisor of 225 and 240?
15
What is the greatest common factor of 4360 and 440?
40
What is the highest common divisor of 168 and 6600?
24
Calculate the greatest common factor of 58 and 174.
58
What is the highest common factor of 304 and 656?
16
Calculate the highest common divisor of 663 and 117.
39
Calculate the greatest common divisor of 270 and 120.
30
What is the highest common factor of 356 and 89?
89
What is the greatest common divisor of 135 and 15?
15
What is the highest common divisor of 45 and 10?
5
Calculate the highest common factor of 42945 and 105.
105
Calculate the highest common divisor of 85 and 34.
17
What is the greatest common factor of 3842 and 565?
113
Calculate the highest common factor of 625 and 250.
125
Calculate the highest common factor of 1386 and 6426.
126
Calculate the greatest common divisor of 96 and 224.
32
Calculate the greatest common divisor of 9503 and 221.
221
Calculate the highest common factor of 8 and 736.
8
What is the greatest common factor of 7 and 1302?
7
What is the highest common divisor of 820 and 40?
20
Calculate the highest common factor of 36 and 192.
12
What is the greatest common factor of 47 and 1927?
47
What is the highest common divisor of 91 and 3367?
91
What is the greatest common factor of 880 and 352?
176
What is the greatest common divisor of 28 and 3164?
28
What is the greatest common factor of 88 and 14168?
88
What is the greatest common divisor of 1700 and 25?
25
What is the greatest common divisor of 16 and 304?
16
Calculate the greatest common divisor of 32 and 96.
32
What is the greatest common factor of 20 and 4?
4
What is the greatest common divisor of 48 and 648?
24
What is the greatest common factor of 248 and 4?
4
What is the highest common divisor of 266 and 14?
14
What is the highest common factor of 460 and 20?
20
Calculate the greatest common factor of 58 and 232.
58
Calculate the greatest common factor of 9698 and 52.
26
Calculate the highest common divisor of 1027 and 169.
13
What is the greatest common divisor of 29 and 1421?
29
Calculate the highest common factor of 78 and 48.
6
What is the greatest common factor of 22 and 187?
11
Calculate the greatest common factor of 902 and 1066.
82
What is the greatest common factor of 287 and 41?
41
What is the greatest common divisor of 3 and 249?
3
Calculate the greatest common divisor of 30 and 960.
30
Calculate the greatest common factor of 13 and 689.
13
What is the greatest common factor of 33 and 6886?
11
Calculate the greatest common factor of 151 and 88637.
151
What is the greatest common divisor of 20 and 30?
10
Calculate the greatest common divisor of 192 and 208.
16
What is the greatest common factor of 3800 and 500?
100
Calculate the highest common factor of 330 and 6105.
165
What is the highest common factor of 1462 and 17?
17
Calculate the highest common factor of 1390 and 20.
10
What is the highest common factor of 33 and 6?
3
What is the highest common factor of 1224 and 6?
6
Calculate the highest common divisor of 671 and 44.
11
What is the greatest common factor of 600 and 2?
2
Calculate the highest common factor of 176 and 792.
88
Calculate the highest common factor of 92 and 138.
46
What is the greatest common factor of 376 and 987?
47
Calculate the highest common factor of 55 and 1540.
55
What is the highest common factor of 64 and 488?
8
Calculate the greatest common factor of 8554 and 182.
182
What is the greatest common factor of 26 and 182?
26
What is the highest common divisor of 4213 and 44?
11
What is the greatest common divisor of 684 and 288?
36
What is the highest common factor of 201 and 67?
67
Calculate the highest common divisor of 553 and 14.
7
Calculate the highest common divisor of 128 and 512.
128
Calculate the highest common divisor of 627 and 285.
57
Calculate the highest common factor of 15 and 255.
15
What is the highest common divisor of 222 and 678?
6
What is the greatest common divisor of 24 and 2004?
12
Calculate the greatest common factor of 351 and 897.
39
What is the highest common divisor of 15 and 663?
3
Calculate the highest common divisor of 44 and 77.
11
Calculate the highest common factor of 90 and 1350.
90
What is the highest common divisor of 84 and 630?
42
What is the greatest common factor of 165 and 11913?
33
Calculate the greatest common factor of 7336 and 168.
56
What is the greatest common factor of 256 and 10624?
128
Calculate the greatest common factor of 7320 and 330.
30
What is the greatest common divisor of 636 and 3?
3
Calculate the greatest common divisor of 22 and 77.
11
What is the greatest common divisor of 6 and 34?
2
What is the highest common factor of